 digit of 11526?
1
What is the tens digit of 25074?
7
What is the hundreds digit of 127573?
5
What is the hundreds digit of 2454?
4
What is the units digit of 244?
4
What is the hundreds digit of 2642?
6
What is the hundreds digit of 35622?
6
What is the hundreds digit of 2406?
4
What is the units digit of 1420?
0
What is the ten thousands digit of 14328?
1
What is the thousands digit of 26824?
6
What is the thousands digit of 2444?
2
What is the tens digit of 6644?
4
What is the hundreds digit of 131822?
8
What is the hundreds digit of 15854?
8
What is the ten thousands digit of 17594?
1
What is the tens digit of 277?
7
What is the tens digit of 433?
3
What is the units digit of 21?
1
What is the hundreds digit of 170372?
3
What is the units digit of 754?
4
What is the units digit of 3408?
8
What is the thousands digit of 19731?
9
What is the thousands digit of 3597?
3
What is the thousands digit of 9997?
9
What is the hundreds digit of 2350?
3
What is the hundreds digit of 924?
9
What is the units digit of 10540?
0
What is the ten thousands digit of 61532?
6
What is the units digit of 81625?
5
What is the hundreds digit of 209?
2
What is the hundreds digit of 550?
5
What is the hundreds digit of 8117?
1
What is the units digit of 11084?
4
What is the tens digit of 6791?
9
What is the hundreds digit of 3658?
6
What is the tens digit of 879?
7
What is the hundreds digit of 277?
2
What is the tens digit of 1960?
6
What is the tens digit of 5447?
4
What is the units digit of 12172?
2
What is the tens digit of 974?
7
What is the hundreds digit of 22715?
7
What is the units digit of 1668?
8
What is the tens digit of 7527?
2
What is the units digit of 6925?
5
What is the tens digit of 27405?
0
What is the thousands digit of 9810?
9
What is the hundreds digit of 13507?
5
What is the hundreds digit of 22818?
8
What is the hundreds digit of 22909?
9
What is the ten thousands digit of 10667?
1
What is the units digit of 11735?
5
What is the units digit of 24896?
6
What is the ten thousands digit of 138080?
3
What is the hundreds digit of 840?
8
What is the ten thousands digit of 111840?
1
What is the tens digit of 10808?
0
What is the tens digit of 112?
1
What is the thousands digit of 6180?
6
What is the thousands digit of 64809?
4
What is the units digit of 840?
0
What is the tens digit of 57666?
6
What is the tens digit of 167?
6
What is the thousands digit of 3114?
3
What is the hundreds digit of 2511?
5
What is the thousands digit of 63895?
3
What is the thousands digit of 3465?
3
What is the units digit of 962?
2
What is the ten thousands digit of 74636?
7
What is the thousands digit of 104445?
4
What is the tens digit of 2125?
2
What is the tens digit of 1657?
5
What is the tens digit of 439?
3
What is the tens digit of 625?
2
What is the thousands digit of 14136?
4
What is the thousands digit of 6630?
6
What is the tens digit of 2110?
1
What is the units digit of 786?
6
What is the tens digit of 92111?
1
What is the tens digit of 42?
4
What is the thousands digit of 5372?
5
What is the ten thousands digit of 12099?
1
What is the units digit of 33344?
4
What is the units digit of 1797?
7
What is the tens digit of 471?
7
What is the tens digit of 736?
3
What is the units digit of 102310?
0
What is the tens digit of 3687?
8
What is the tens digit of 137?
3
What is the ten thousands digit of 151533?
5
What is the ten thousands digit of 36561?
3
What is the units digit of 9548?
8
What is the units digit of 26090?
0
What is the units digit of 44557?
7
What is the units digit of 88256?
6
What is the hundreds digit of 1455?
4
What is the tens digit of 20255?
5
What is the ten thousands digit of 67189?
6
What is the tens digit of 292?
9
What is the thousands digit of 13413?
3
What is the hundreds digit of 108065?
0
What is the units digit of 2270?
0
What is the thousands digit of 7450?
7
What is the tens digit of 6375?
7
What is the units digit of 3730?
0
What is the hundreds digit of 2798?
7
What is the thousands digit of 1866?
1
What is the tens digit of 23?
2
What is the thousands digit of 22410?
2
What is the units digit of 8671?
1
What is the units digit of 292?
2
What is the tens digit of 15759?
5
What is the ten thousands digit of 14431?
1
What is the tens digit of 2670?
7
What is the units digit of 8877?
7
What is the hundreds digit of 33887?
8
What is the units digit of 1825?
5
What is the ten thousands digit of 50975?
5
What is the thousands digit of 90291?
0
What is the tens digit of 3924?
2
What is the units digit of 4533?
3
What is the hundreds digit of 3976?
9
What is the tens digit of 42818?
1
What is the units digit of 1964?
4
What is the tens digit of 35?
3
What is the units digit of 186636?
6
What is the thousands digit of 1158?
1
What is the units digit of 110308?
8
What is the tens digit of 14?
1
What is the thousands digit of 22279?
2
What is the ten thousands digit of 36782?
3
What is the tens digit of 8763?
6
What is the units digit of 8192?
2
What is the hundreds digit of 1453?
4
What is the hundreds digit of 260?
2
What is the thousands digit of 11077?
1
What is the hundreds digit of 835?
8
What is the tens digit of 18488?
8
What is the thousands digit of 1407?
1
What is the hundreds digit of 588?
5
What is the thousands digit of 1009?
1
What is the tens digit of 1065?
6
What is the units digit of 68054?
4
What is the ten thousands digit of 57761?
5
What is the units digit of 581?
1
What is the units digit of 1991?
1
What is the hundreds digit of 3686?
6
What is the hundreds digit of 118?
1
What is the hundreds digit of 51548?
5
What is the thousands digit of 5891?
5
What is the hundreds digit of 639?
6
What is the units digit of 2724?
4
What is the thousands digit of 3277?
3
What is the ten thousands digit of 111129?
1
What is the ten thousands digit of 16890?
1
What is the thousands digit of 61331?
1
What is the hundreds digit of 1227?
2
What is the tens digit of 1096?
9
What is the units digit of 170?
0
What is the tens digit of 2181?
8
What is the tens digit of 24398?
9
What is the thousands digit of 3352?
3
What is the tens digit of 1007?
0
What is the hundreds digit of 51506?
5
What is the thousands digit of 29396?
9
What is the tens digit of 611?
1
What is the units digit of 176?
6
What is the hundreds digit of 992?
9
What is the hundreds digit of 41991?
9
What is the hundred thousands digit of 100673?
1
What is the tens digit of 1750?
5
What is the hundreds digit of 6189?
1
What is the units digit of 31226?
6
What is the hundreds digit of 145552?
5
What is the ten thousands digit of 79571?
7
What is the units digit of 588?
8
What is the hundreds digit of 12922?
9
What is the thousands digit of 2018?
2
What is the hundreds digit of 170?
1
What is the tens digit of 38457?
5
What is the hundreds digit of 14275?
2
What is the units digit of 898?
8
What is the units digit of 13426?
6
What is the tens digit of 1443?
4
What is the units digit of 1840?
0
What is the thousands digit of 14307?
4
What is the tens digit of 639?
3
What is the thousands digit of 1208?
1
What is the units digit of 5934?
4
What is the tens digit of 25176?
7
What is the thousands digit of 18880?
8
What is the tens digit of 155035?
3
What is the hundreds digit of 75908?
9
What is the hundreds digit of 488?
4
What is the hundreds digit of 665?
6
What is the hundreds digit of 42580?
5
What is the tens digit of 334?
3
What is the hundreds digit of 781?
7
What is the thousands digit of 7155?
7
What is the tens digit of 3221?
2
What is the tens digit of 5846?
4
What is the units digit of 11159?
9
What is the tens digit of 9513?
1
What is the thousands digit of 63543?
3
What is the hundreds digit of 187?
1
What is the hundreds digit of 1646?
6
What is the hundreds digit of 763?
7
What is the ten thousands digit of 27872?
2
What is the units digit of 8358?
8
What is the ten thousands digit of 172400?
7
What is the tens digit of 2556?
5
What is the units digit of 2205?
5
What is the tens digit of 80901?
0
What is the tens digit of 56368?
6
What is the units digit of 2556?
6
What is the units digit of 2161?
1
What is the hundreds digit of 128?
1
What is the hundreds digit of 7031?
0
What is the thousands digit of 2140?
2
What is the thousands digit of 48696?
